63 is divided by 41.
37
What is the remainder when 1990810 is divided by 1430?
250
What is the remainder when 80634 is divided by 80433?
201
What is the remainder when 33099 is divided by 1103?
9
What is the remainder when 220590 is divided by 102?
66
What is the remainder when 286693903 is divided by 8?
7
Calculate the remainder when 8622916 is divided by 610.
566
What is the remainder when 488411 is divided by 162769?
104
What is the remainder when 613912 is divided by 9581?
728
What is the remainder when 32591613 is divided by 23600?
13
Calculate the remainder when 544634 is divided by 93.
26
What is the remainder when 25946697 is divided by 1300?
1297
What is the remainder when 706775 is divided by 620?
595
Calculate the remainder when 280420766 is divided by 37.
23
Calculate the remainder when 183881 is divided by 7661.
17
Calculate the remainder when 795339 is divided by 1977.
585
What is the remainder when 501365 is divided by 8701?
5408
What is the remainder when 20079292 is divided by 66268?
88
Calculate the remainder when 2602691 is divided by 36.
35
What is the remainder when 68888621 is divided by 461?
8
What is the remainder when 864163 is divided by 6700?
6563
What is the remainder when 16856105 is divided by 5618694?
23
Calculate the remainder when 70687 is divided by 785.
37
What is the remainder when 4690857 is divided by 469085?
7
What is the remainder when 2977693 is divided by 992540?
73
Calculate the remainder when 106883503 is divided by 1274.
1273
What is the remainder when 184085 is divided by 296?
269
What is the remainder when 129595324 is divided by 7?
5
Calculate the remainder when 81307 is divided by 78477.
2830
What is the remainder when 96372167 is divided by 63?
59
Calculate the remainder when 760744 is divided by 2056.
24
Calculate the remainder when 25884974 is divided by 1294248.
14
Calculate the remainder when 1415727 is divided by 21.
12
What is the remainder when 267803994 is divided by 2213?
12
What is the remainder when 900436 is divided by 106?
72
Calculate the remainder when 570198 is divided by 98.
34
Calculate the remainder when 208201 is divided by 69387.
40
Calculate the remainder when 510450 is divided by 10.
0
Calculate the remainder when 2522957 is divided by 2551.
18
What is the remainder when 951193520 is divided by 977?
975
Calculate the remainder when 29651544 is divided by 29.
1
What is the remainder when 2272293 is divided by 39?
36
Calculate the remainder when 43448331 is divided by 26.
17
Calculate the remainder when 25126 is divided by 12444.
238
What is the remainder when 14308427 is divided by 4769474?
5
Calculate the remainder when 7157 is divided by 58.
23
Calculate the remainder when 16849 is divided by 12536.
4313
What is the remainder when 368361 is divided by 5046?
3
What is the remainder when 11601577 is divided by 1372?
1317
What is the remainder when 1211508 is divided by 38?
30
What is the remainder when 40642616 is divided by 751?
749
What is the remainder when 813631 is divided by 1006?
783
What is the remainder when 55760 is divided by 1617?
782
What is the remainder when 986720972 is divided by 21?
20
What is the remainder when 649550 is divided by 324339?
872
Calculate the remainder when 405757 is divided by 67621.
31
Calculate the remainder when 128335948 is divided by 839.
830
What is the remainder when 71748115 is divided by 609?
607
Calculate the remainder when 831149 is divided by 3505.
464
Calculate the remainder when 1887955 is divided by 471986.
11
What is the remainder when 996444 is divided by 263?
200
What is the remainder when 2472868 is divided by 49457?
18
What is the remainder when 2084750 is divided by 72?
62
What is the remainder when 67904395 is divided by 2239?
3
Calculate the remainder when 31320 is divided by 15174.
972
What is the remainder when 40981 is divided by 8148?
241
What is the remainder when 263128 is divided by 42?
40
What is the remainder when 58484182 is divided by 1914?
1912
Calculate the remainder when 7892063 is divided by 958.
59
Calculate the remainder when 73031 is divided by 802.
49
What is the remainder when 463699 is divided by 57961?
11
Calculate the remainder when 5628154 is divided by 242.
202
Calculate the remainder when 2497997 is divided by 59.
55
Calculate the remainder when 249201 is divided by 5902.
1317
What is the remainder when 8620795 is divided by 1724152?
35
What is the remainder when 65639 is divided by 31683?
2273
Calculate the remainder when 24570 is divided by 1053.
351
Calculate the remainder when 598414517 is divided by 1989.
1988
Calculate the remainder when 36879 is divided by 7116.
1299
What is the remainder when 714626 is divided by 142925?
1
Calculate the remainder when 18771 is divided by 17659.
1112
What is the remainder when 1102528349 is divided by 235?
234
What is the remainder when 194955 is divided by 10260?
15
What is the remainder when 1170582 is divided by 122?
114
Calculate the remainder when 407371 is divided by 368.
363
What is the remainder when 201322 is divided by 66147?
2881
What is the remainder when 92600 is divided by 314?
284
What is the remainder when 323164 is divided by 80581?
840
Calculate the remainder when 99415 is divided by 2256.
151
Calculate the remainder when 95709186 is divided by 23.
22
What is the remainder when 580256 is divided by 1105?
131
What is the remainder when 3094853 is divided by 427?
384
What is the remainder when 1292318 is divided by 64614?
38
Calculate the remainder when 50979727 is divided by 4190.
4187
What is the remainder when 906661 is divided by 226665?
1
Calculate the remainder when 17972 is divided by 17549.
423
What is the remainder when 13634531 is divided by 1622?
1621
Calculate the remainder when 3712355 is divided by 928086.
11
Calculate the remainder when 174873 is divided by 164.
49
Calculate the remainder when 18907 is divided by 361.
135
Calculate the remainder when 20363916 is divided by 257771.
7
What is the remainder when 9865312 is divided by 1747?
3
Calculate the remainder when 153271127 is divided by 233.
232
What is the remainder when 99850212 is divided by 3?
0
What is the remainder when 521440 is divided by 10641?
31
Calculate the remainder when 708050 is divided by 12729.
7955
What is the remainder when 28883 is divided by 2232?
2099
What is the remainder when 135474 is divided by 22572?
42
Calculate the remainder when 2060989 is divided by 16.
13
What is the remainder when 1497320 is divided by 746780?
3760
What is the remainder when 11891156 is divided by 3417?
3413
Calculate the remainder when 3671561 is divided by 32.
9
Calculate the remainder when 279750 is divided by 885.
90
Calculate the remainder when 72302 is divided by 12018.
194
What is the remainder when 3452581 is divided by 1142?
315
Calculate the remainder when 1116281 is divided by 279057.
53
What is the remainder when 8900392 is divided by 4450146?
100
What is the remainder when 1783932 is divided by 145?
142
What is the remainder when 7499122 is divided by 220560?
82
What is the remainder when 70228 is divided by 1217?
859
Calculate the remainder when 348468 is divided by 226.
202
What is the remainder when 32521798 is divided by 809?
807
What is the remainder when 28278210 is divided by 37?
35
What is the remainder when 2456108 is divided by 3169?
133
What is the remainder when 1671597 is divided by 24?
21
What is the remainder when 2757074 is divided by 551356?
294
What is the remainder when 657772 is divided by 117?
115
What is the remainder when 839537 is divided by 76318?
39
Calculate the remainder when 985190 is divided by 122.
40
Calculate the remainder when 166908 is divided by 13617.
3504
Calculate the remainder when 794159 is divided by 79334.
819
What is the remainder when 18549571 is divided by 212?
207
What is the remainder when 2289490 is divided by 1018?
8
Calculate the remainder when 12328467 is divided by 110.
107
Calculate the remainder when 12841714 is divided by 3.
1
Calculate the remainder when 57103 is divided by 13236.
4159
Calculate the remainder when 3122285 is divided by 413.
5
Calculate the remainder when 3281196 is divided by 1093648.
252
What is the remainder when 10923377 is divided by 97?
13
What is the remainder when 1336